 by 3*(d - 2/t)?
3
Suppose 740 = 47*r - 42*r. Suppose -22 = -10*d + r. Suppose -39 = -4*m + 73. Calculate the remainder when m is divided by d.
11
Suppose 239*j - 45 = 236*j. Suppose -5*l = -w + 280, -l + 3*w - 26 - 16 = 0. Calculate the remainder when (l/5)/(5/(-25)) is divided by j.
12
Suppose -52*g = -19*g - 3380 + 542. Calculate the remainder when 683 is divided by g.
81
Suppose 0 = -15*p + 43*p - 252. Suppose 14*k = p*k + 115. Calculate the remainder when k is divided by 12.
11
Let s(x) = 0 - 4*x**2 - 8 + 17 - 23*x + 5*x**2 + 2*x**2. What is the remainder when 220 is divided by s(9)?
40
Suppose -2*z - 3*p + 583 = 0, -2*z - 10*p + 4*p + 568 = 0. What is the remainder when 619 is divided by z?
21
Suppose -5826 = 15*d - 16971. Let a = d - 359. What is the remainder when a is divided by 43?
40
Suppose -69*y + 232*y = 21516. What is the remainder when y is divided by 65?
2
Suppose 760 + 4256 = 24*h. What is the remainder when 402 is divided by h?
193
Suppose 3*v = -v + 1068. What is the remainder when v is divided by ((-136)/(-18) + (-10 + 12 - 2))*252/56?
29
Suppose 5*h + r - 3*r - 8 = 0, -12 = 3*h + 3*r. Suppose -4*p = -3*z - 48, h*z + 3*z + 12 = 0. What is the remainder when (-4)/(5/((-195)/6)) is divided by p?
8
Suppose 117*l - 122*l = -3*t + 13494, -2*t = -5*l - 8986. What is the remainder when t is divided by 2254?
0
Let s = -222 - -226. Suppose -4*l - 5*f = -212, s*f = 5*l + 7*f - 252. What is the remainder when l is divided by 14?
6
Let m = 770 - 452. Suppose 8*a = m - 46. What is the remainder when 65 is divided by a?
31
Suppose 4*u + 3*s = 392, 4*s + 117 = -0*u + u. Let j(l) = -11*l + 5. Let w be j(4). Calculate the remainder when u is divided by 1/((-120)/w + -3).
10
Let q be (-333)/108 + 1/12. Calculate the remainder when 1/(q/(-3633)) - (10 - 8) is divided by 121.
120
Suppose -k + 29 = 5*u - u, 15 = 5*u - 3*k. What is the remainder when -6 - -29 - (21 - 37) is divided by u?
3
Suppose -131 + 170 = 3*d. Let g(w) = -w**2 + 17*w + 8. Suppose 36 = 5*c - 69. Calculate the remainder when g(d) is divided by c.
18
Let u be ((-21)/(-2))/(48/(-1664)*-13). Suppose -p = -j - 3, -j + 0 = 4*p + 3. Suppose p = -s - u + 36. Calculate the remainder when 15 is divided by s.
7
Suppose 0 = -40*l + 15*l + 3575. Let i = l - 88. Calculate the remainder when i is divided by 28.
27
Suppose -5*i - 5*d + 875 = 0, 0 = i - d - 4*d - 145. Suppose -2*a - 8*a + i = 0. Suppose 15 = 5*u - 40. What is the remainder when a is divided by u?
6
Let c = -39 - -52. Suppose 7*h - c = -6. Suppose -12 = -6*d + 6. Calculate the remainder when d is divided by h.
0
Let y(z) = 9*z**2 + z + 1. Let q be (-1)/((-6)/3 + 3). Suppose -11*i + 7*i + 64 = 0. What is the remainder when i is divided by y(q)?
7
Let u = -8853 - -9056. Calculate the remainder when 374 is divided by u.
171
Suppose 0 = -32*y + 204835 + 152923 - 10398. Calculate the remainder when y is divided by 329.
327
Let t = -530 + 584. Let x = 4 + -4. Suppose -3*d + 22 + 20 = x. Calculate the remainder when t is divided by d.
12
Let q be 4/(-22) - 130/(-110). What is the remainder when (126 + 3)*10*q/6 is divided by (6/(-8))/((-7)/504)?
53
Let k = 3644 - 3098. Calculate the remainder when 555 is divided by k.
9
Let y = 36 + -33. Let h(q) = 2*q - 12 - y*q + 9 + 2*q. What is the remainder when 24 is divided by h(16)?
11
Let s = -11294 + 11304. What is the remainder when 1236 is divided by s?
6
Let l = 240 + -240. What is the remainder when (l + 2 + -64)/((-8)/20) is divided by 6?
5
Let n = 194 + -414. Let l = n + 408. What is the remainder when l is divided by 21?
20
Let v(h) = 3*h + 30. What is the remainder when 123 is divided by v(-1)?
15
Calculate the remainder when 464 + 5/(85/(-221)) is divided by 116.
103
Let p(j) = -310*j - 150. What is the remainder when 1901 is divided by p(-1)?
141
Let k = 44 - 50. Let s be ((-8)/k)/(-2) - (-406)/(-3). Let x = -124 - s. Calculate the remainder when 56 is divided by x.
8
Let f(j) = -j**3 - j**2 + 5*j + 5. Let c be f(-4). Suppose -9*l - 450 + 243 = 0. Let x = l + c. What is the remainder when 37 is divided by x?
7
Let p(y) = 22*y - 260. Suppose j = 5*w - 160, -3*w - 2*j = -4*w + 32. Calculate the remainder when p(w) is divided by 16.
12
Suppose 213*m = 220*m + 4606. Let h = m - -691. Calculate the remainder when h is divided by 3.
0
Calculate the remainder when 2836 is divided by 214 + 48 - 1*25.
229
Suppose -t = -2*k - 77, -670*t - k + 65 = -669*t. What is the remainder when 2/4 + 1922/4 is divided by t?
67
Calculate the remainder when 25499 is divided by 12*((-81)/(-486))/(2/50).
49
Let b = 5465 - 5012. What is the remainder when b is divided by 17?
11
Let r = 257 + -153. Calculate the remainder when r is divided by 20*4/80*15.
14
Let h(s) = 16*s**2 - 346*s - 1806. What is the remainder when h(-5) is divided by 72?
36
Let t = -5352 + 5360. What is the remainder when 1671 is divided by t?
7
Let i = 57018 + -42125. Calculate the remainder when i is divided by 317.
311
Let c(p) = -p**3 - 2*p**2 + 4*p + 2. Let g be (45 - 3)/(-3)*-1 + -3. Suppose g*y + 15 = 12*y. Calculate the remainder when c(-5) is divided by y.
12
Suppose -30 = -2*v + 18. What is the remainder when 14/(-18) + 3/9 - 625/(-9) is divided by v?
21
Suppose 5*f + 824 = 4*x - 404, 0 = -x + f + 308. Calculate the remainder when x is divided by 80.
72
Suppose 35*r + 253 = 40*r + z, -4*z = -3*r + 115. What is the remainder when 87 is divided by r?
38
Let h(t) = 2*t + 17. Let k be h(-8). Let m be 83 - (k + 3/(-3) - -3). Let n = 100 - m. What is the remainder when 57 is divided by n?
17
Let k(m) = -2*m**3 - 3*m**2 - 6*m - 692. Calculate the remainder when k(-10) is divided by 264.
12
Let l(r) = 37*r - 45. Let i(g) = -108*g + 135. Let m(p) = -2*i(p) - 7*l(p). Suppose 0*s + 44 = s. What is the remainder when m(-2) is divided by s?
43
Let s be 139 - -1 - (-30)/6. Suppose -s = 37*d - 42*d. What is the remainder when 70 is divided by d?
12
Calculate the remainder when 815 is divided by (-18 - -16)/((-10)/460).
79
Let i(p) = -p**2 + 83*p - 1257. Let m(c) = -c**2 + 12*c + 2. Calculate the remainder when i(61) is divided by m(10).
19
Let l(j) = j**3 + 6*j**2 + 22. Suppose -4*y = 5*f, 3*y + 4*f - 4 + 3 = 0. Calculate the remainder when l(y) is divided by 2/(-9) - (-454)/18.
22
Let p(t) = -4*t**2 - 124*t - 45. Calculate the remainder when 244 is divided by p(-30).
19
What is the remainder when 478 is divided by 920/100 + ((-26)/5 - -4)?
6
Let w(c) = -c**3 - 2. Let v be w(0). Let z = 17 + v. Let a = 31 - z. What is the remainder when 53 is divided by a?
5
Suppose 4933 = 318*b - 155. What is the remainder when (-1)/((2/59)/(-2)) is divided by b?
11
Suppose 0 = -5*y + 4*z + 9, 0 = 5*y + 2*z + 2*z - 41. Suppose -x + 80 = y*q, -3*q + 2*q = 4*x - 16. What is the remainder when 94 is divided by q?
14
Let u(s) be the first derivative of -s**4/4 + 4*s**3 - 3*s**2/2 + 48*s + 143. What is the remainder when 38 is divided by u(12)?
2
Let s = -21363 - -21934. What is the remainder when s is divided by 161?
88
Let d(r) = -22*r + 75. Let c be d(-6). Calculate the remainder when c*10/30 - (-3)/(-1) is divided by 8.
2
Let h be ((-2)/(-6)*-1)/(12/(-180)). Suppose 4*z = 5*d - 52 - 73, 3*d = h*z + 75. What is the remainder when 47 is divided by d?
22
What is the remainder when 131 is divided by 14 + (99/11 - (6 - 2))?
17
Let d(i) = i**3 + 7*i**2 + 7*i - 5. Let l(b) = b**3 + 4*b**2 + 2*b - 3. Let u be l(-3). Let v = u + 58. Calculate the remainder when v is divided by d(-5).
8
Suppose 2*f = 70 + 146. Suppose 4*c - t + 3967 - 4209 = 0, 98 = -7*t. Calculate the remainder when f is divided by c.
51
Suppose 4*d - 460 = -2*f, 2748*d - 133 = 2747*d - 5*f. Calculate the remainder when d is divided by 12.
5
Suppose -w + 85 = -0*w. Suppose -1877*g + 1674 = 5*x - 1879*g, 1368 = 4*x + 2*g. Calculate the remainder when x is divided by w.
83
Suppose -3*f = 5*h - 2*h - 21, -5*f - 5 = h. Suppose 0 = -h*s - 31 + 221. What is the remainder when 51 is divided by s?
13
Let s(f) = 0*f**2 + 1 - 745*f + 6*f**2 - 2*f**2 + 742*f. Calculate the remainder when s(3) is divided by 4.
0
Suppose o + o - 6*o = 0. Calculate the remainder when 109 is divided by -7*((-70)/49 - o).
9
Let c = 41 + -46. Let f = -32 + c. Let m = f - -49. Calculate the remainder when m is divided by 7.
5
Let